{"id":41,"date":"2017-04-13T20:20:56","date_gmt":"2017-04-13T18:20:56","guid":{"rendered":"http:\/\/ao-papenburg.de\/?page_id=41"},"modified":"2023-02-14T10:03:06","modified_gmt":"2023-02-14T08:03:06","slug":"unser-dirigent","status":"publish","type":"page","link":"https:\/\/ao-papenburg.de\/?page_id=41","title":{"rendered":"Unser Dirigent"},"content":{"rendered":"<p><img loading=\"lazy\" decoding=\"async\" class=\"alignnone  wp-image-906\" src=\"http:\/\/ao-papenburg.de\/wp-content\/uploads\/2023\/02\/Hannes-Ostholthoff.jpg\" alt=\"\" width=\"257\" height=\"362\" \/><\/p>\n<p><strong>Neuer Dirigent ist seit November 2022 Hannes Ostholthoff<\/strong><\/p>\n<p>Der passionierte Akkordeonist aus Papenburg hat mit gro\u00dfem Elan diese neue Aufgabe im Orchester \u00fcbernommen.<\/p>\n<p>2022 &#8211;\u00a0 \u00a0 \u00a0 \u00a0 \u00a0 \u00a0Hannes Ostholthoff<\/p>\n<p>2007 &#8211; 2022\u00a0 Jan de Vries<\/p>\n<p>2001 &#8211; 2007 \u00a0 Viktor Sorokin<\/p>\n<p>1993 &#8211; 2000\u00a0\u00a0 Margarethe Huisinga<\/p>\n<p>1988 &#8211; 1992\u00a0\u00a0 Monika Vorholt (H\u00e4der)<\/p>\n<p>1987 &#8211; 1988\u00a0\u00a0 Julia Langhans<\/p>\n<p>Julia Langhans hat das Orchester bereits 1986 dirigiert, zu diesem Zeitpunkt war unser Verein aber noch nicht &#8222;in das Vereinsregister&#8220; eingetragen. In einigen Zeitr\u00e4umen hat auch unser Gr\u00fcndungsmitglied und Ehrenvorsitzender Reinhold Gans\u00e4uer das Orchester vertretungsweise geleitet, so u.a. in 1987 und 1991.<\/p>\n","protected":false},"excerpt":{"rendered":"<p>Neuer Dirigent ist seit November 2022 Hannes Ostholthoff Der passionierte Akkordeonist aus Papenburg hat mit gro\u00dfem Elan diese neue Aufgabe im Orchester \u00fcbernommen. 2022 &#8211;\u00a0 \u00a0 \u00a0 \u00a0 \u00a0 \u00a0Hannes Ostholthoff 2007 &#8211; 2022\u00a0 Jan de Vries 2001 &#8211; 2007 &hellip; <a href=\"https:\/\/ao-papenburg.de\/?page_id=41\">Weiterlesen <span class=\"meta-nav\">&rarr;<\/span><\/a><\/p>\n","protected":false},"author":1,"featured_media":56,"parent":0,"menu_order":2,"comment_status":"closed","ping_status":"closed","template":"","meta":{"footnotes":""},"class_list":["post-41","page","type-page","status-publish","has-post-thumbnail","hentry"],"_links":{"self":[{"href":"https:\/\/ao-papenburg.de\/index.php?rest_route=\/wp\/v2\/pages\/41","targetHints":{"allow":["GET"]}}],"collection":[{"href":"https:\/\/ao-papenburg.de\/index.php?rest_route=\/wp\/v2\/pages"}],"about":[{"href":"https:\/\/ao-papenburg.de\/index.php?rest_route=\/wp\/v2\/types\/page"}],"author":[{"embeddable":true,"href":"https:\/\/ao-papenburg.de\/index.php?rest_route=\/wp\/v2\/users\/1"}],"replies":[{"embeddable":true,"href":"https:\/\/ao-papenburg.de\/index.php?rest_route=%2Fwp%2Fv2%2Fcomments&post=41"}],"version-history":[{"count":6,"href":"https:\/\/ao-papenburg.de\/index.php?rest_route=\/wp\/v2\/pages\/41\/revisions"}],"predecessor-version":[{"id":918,"href":"https:\/\/ao-papenburg.de\/index.php?rest_route=\/wp\/v2\/pages\/41\/revisions\/918"}],"wp:featuredmedia":[{"embeddable":true,"href":"https:\/\/ao-papenburg.de\/index.php?rest_route=\/wp\/v2\/media\/56"}],"wp:attachment":[{"href":"https:\/\/ao-papenburg.de\/index.php?rest_route=%2Fwp%2Fv2%2Fmedia&parent=41"}],"curies":[{"name":"wp","href":"https:\/\/api.w.org\/{rel}","templated":true}]}}